Nov 30 23:34:02.470 INFO testing thomhuds/crystald against master#8940af3cea4a9a9deabcaf843b2f8cad9a83fc61 for beta-1.31-5
Nov 30 23:34:02.471 INFO running `"docker" "create" "-v" "/mnt/big/crater/work/local/target-dirs/beta-1.31-5/worker-7/master#8940af3cea4a9a9deabcaf843b2f8cad9a83fc61:/target:rw,Z" "-v" "/mnt/big/crater/work/local/test-source/worker-7/beta-1.31-5/master#8940af3cea4a9a9deabcaf843b2f8cad9a83fc61:/source:ro,Z" "-v" "/mnt/big/crater/work/local/cargo-home:/cargo-home:ro,Z" "-v" "/mnt/big/crater/work/local/rustup-home:/rustup-home:ro,Z" "-e" "USER_ID=1000" "-e" "SOURCE_DIR=/source" "-e" "USER_ID=1000" "-e" "CMD=cargo +8940af3cea4a9a9deabcaf843b2f8cad9a83fc61-alt build --frozen" "-e" "CARGO_TARGET_DIR=/target" "-e" "CARGO_INCREMENTAL=0" "-e" "RUST_BACKTRACE=full" "-e" "RUSTFLAGS=--cap-lints=warn" "-e" "CARGO_HOME=/cargo-home" "-e" "RUSTUP_HOME=/rustup-home" "-m" "1536M" "--network" "none" "crater"`
Nov 30 23:34:03.039 INFO [stdout] d59823ce10300fb118447c53cd2a0140422e680040853b1301387a9e85af8459
Nov 30 23:34:03.043 INFO running `"docker" "start" "-a" "d59823ce10300fb118447c53cd2a0140422e680040853b1301387a9e85af8459"`
Nov 30 23:34:04.803 INFO [stderr] usermod: no changes
Nov 30 23:34:04.939 INFO [stderr]    Compiling redox_syscall v0.1.37
Nov 30 23:34:04.939 INFO [stderr]    Compiling termion v1.5.1
Nov 30 23:34:05.235 INFO [stderr] error[E0554]: #![feature] may not be used on the beta release channel
Nov 30 23:34:05.235 INFO [stderr]  --> /cargo-home/registry/src/github.com-1ecc6299db9ec823/redox_syscall-0.1.37/src/lib.rs:2:1
Nov 30 23:34:05.235 INFO [stderr]   |
Nov 30 23:34:05.235 INFO [stderr] 2 | #![feature(asm)]
Nov 30 23:34:05.235 INFO [stderr]   | ^^^^^^^^^^^^^^^^
Nov 30 23:34:05.235 INFO [stderr] 
Nov 30 23:34:05.235 INFO [stderr] error[E0554]: #![feature] may not be used on the beta release channel
Nov 30 23:34:05.235 INFO [stderr]  --> /cargo-home/registry/src/github.com-1ecc6299db9ec823/redox_syscall-0.1.37/src/lib.rs:3:1
Nov 30 23:34:05.235 INFO [stderr]   |
Nov 30 23:34:05.235 INFO [stderr] 3 | #![feature(const_fn)]
Nov 30 23:34:05.235 INFO [stderr]   | ^^^^^^^^^^^^^^^^^^^^^
Nov 30 23:34:05.235 INFO [stderr] 
Nov 30 23:34:05.235 INFO [stderr] error[E0554]: #![feature] may not be used on the beta release channel
Nov 30 23:34:05.235 INFO [stderr]  --> /cargo-home/registry/src/github.com-1ecc6299db9ec823/redox_syscall-0.1.37/src/lib.rs:4:1
Nov 30 23:34:05.235 INFO [stderr]   |
Nov 30 23:34:05.235 INFO [stderr] 4 | #![feature(core_intrinsics)]
Nov 30 23:34:05.235 INFO [stderr]   | ^^^^^^^^^^^^^^^^^^^^^^^^^^^^
Nov 30 23:34:05.235 INFO [stderr] 
Nov 30 23:34:05.235 INFO [stderr] error: aborting due to 3 previous errors
Nov 30 23:34:05.235 INFO [stderr] 
Nov 30 23:34:05.235 INFO [stderr] For more information about this error, try `rustc --explain E0554`.
Nov 30 23:34:05.260 INFO [stderr] error: Could not compile `redox_syscall`.
Nov 30 23:34:05.260 INFO [stderr] warning: build failed, waiting for other jobs to finish...
Nov 30 23:34:07.223 INFO [stderr] error: build failed
Nov 30 23:34:07.224 INFO [stderr] su: No module specific data is present
Nov 30 23:34:07.913 INFO running `"docker" "inspect" "d59823ce10300fb118447c53cd2a0140422e680040853b1301387a9e85af8459"`
Nov 30 23:34:08.231 INFO running `"docker" "rm" "-f" "d59823ce10300fb118447c53cd2a0140422e680040853b1301387a9e85af8459"`
Nov 30 23:34:08.576 INFO [stdout] d59823ce10300fb118447c53cd2a0140422e680040853b1301387a9e85af8459
